 is divided by 1904?
80
What is the remainder when 1804 is divided by 849?
106
What is the remainder when 26735 is divided by 207?
32
What is the remainder when 159838 is divided by 121?
118
What is the remainder when 2799 is divided by 72?
63
Calculate the remainder when 2715 is divided by 179.
30
What is the remainder when 46576 is divided by 46555?
21
What is the remainder when 233165 is divided by 4?
1
Calculate the remainder when 5021 is divided by 219.
203
Calculate the remainder when 53048 is divided by 131.
124
What is the remainder when 102061 is divided by 259?
15
Calculate the remainder when 2808 is divided by 76.
72
Calculate the remainder when 88957 is divided by 6353.
15
Calculate the remainder when 21767 is divided by 21760.
7
What is the remainder when 15101 is divided by 118?
115
What is the remainder when 1893 is divided by 147?
129
Calculate the remainder when 85561 is divided by 17112.
1
Calculate the remainder when 24978 is divided by 90.
48
What is the remainder when 4828 is divided by 697?
646
Calculate the remainder when 851860 is divided by 1159.
1154
What is the remainder when 34774 is divided by 17382?
10
What is the remainder when 28451 is divided by 41?
38
Calculate the remainder when 50577 is divided by 335.
327
What is the remainder when 8640 is divided by 35?
30
Calculate the remainder when 2001 is divided by 252.
237
Calculate the remainder when 52879 is divided by 569.
531
What is the remainder when 5959 is divided by 32?
7
What is the remainder when 41679 is divided by 104?
79
What is the remainder when 67597 is divided by 43?
1
Calculate the remainder when 6553 is divided by 818.
9
Calculate the remainder when 8128 is divided by 26.
16
What is the remainder when 62210 is divided by 610?
600
What is the remainder when 7003 is divided by 2326?
25
Calculate the remainder when 3451 is divided by 1542.
367
What is the remainder when 148230 is divided by 21155?
145
What is the remainder when 27836 is divided by 230?
6
Calculate the remainder when 258069 is divided by 655.
654
What is the remainder when 4098 is divided by 892?
530
What is the remainder when 25148 is divided by 1204?
1068
Calculate the remainder when 6974 is divided by 367.
1
Calculate the remainder when 10097 is divided by 844.
813
What is the remainder when 69299 is divided by 2?
1
Calculate the remainder when 134851 is divided by 267.
16
Calculate the remainder when 450363 is divided by 591.
21
What is the remainder when 186856 is divided by 861?
19
What is the remainder when 37412 is divided by 178?
32
Calculate the remainder when 77981 is divided by 67.
60
What is the remainder when 93460 is divided by 28?
24
What is the remainder when 437303 is divided by 76?
75
What is the remainder when 2539 is divided by 818?
85
Calculate the remainder when 6171 is divided by 200.
171
What is the remainder when 122505 is divided by 1678?
11
Calculate the remainder when 25153 is divided by 2105.
1998
What is the remainder when 2061 is divided by 514?
5
What is the remainder when 10269 is divided by 1463?
28
Calculate the remainder when 5129 is divided by 645.
614
What is the remainder when 21341 is divided by 2354?
155
What is the remainder when 1646123 is divided by 493?
489
What is the remainder when 3458 is divided by 1683?
92
Calculate the remainder when 45498 is divided by 576.
570
What is the remainder when 397146 is divided by 950?
46
Calculate the remainder when 611499 is divided by 5509.
0
Calculate the remainder when 19415 is divided by 34.
1
What is the remainder when 256571 is divided by 5345?
11
Calculate the remainder when 263503 is divided by 43.
42
What is the remainder when 8442 is divided by 4106?
230
Calculate the remainder when 18872 is divided by 233.
232
What is the remainder when 131924 is divided by 62?
50
Calculate the remainder when 44805 is divided by 66.
57
Calculate the remainder when 144357 is divided by 36.
33
Calculate the remainder when 2427 is divided by 2190.
237
Calculate the remainder when 3881 is divided by 18.
11
Calculate the remainder when 69203 is divided by 219.
218
What is the remainder when 1600 is divided by 33?
16
What is the remainder when 66713 is divided by 240?
233
Calculate the remainder when 104893 is divided by 504.
61
What is the remainder when 5884 is divided by 102?
70
Calculate the remainder when 13142 is divided by 173.
167
What is the remainder when 74429 is divided by 67?
59
Calculate the remainder when 178838 is divided by 999.
17
Calculate the remainder when 2046 is divided by 2028.
18
What is the remainder when 3723 is divided by 52?
31
Calculate the remainder when 1129 is divided by 13.
11
Calculate the remainder when 101390 is divided by 838.
830
Calculate the remainder when 1855 is divided by 62.
57
Calculate the remainder when 14722 is divided by 14715.
7
What is the remainder when 293827 is divided by 298?
297
What is the remainder when 25798 is divided by 922?
904
What is the remainder when 445650 is divided by 34280?
10
What is the remainder when 6249 is divided by 20?
9
Calculate the remainder when 15449 is divided by 197.
83
Calculate the remainder when 51463 is divided by 16.
7
What is the remainder when 781 is divided by 377?
27
Calculate the remainder when 12003 is divided by 333.
15
Calculate the remainder when 822614 is divided by 428.
426
What is the remainder when 33249 is divided by 556?
445
Calculate the remainder when 64885 is divided by 90.
85
Calculate the remainder when 39585 is divided by 535.
530
Calculate the remainder when 7326 is divided by 457.
14
What is the remainder when 77025 is divided by 98?
95
Calculate the remainder when 305397 is divided by 10.
7
What is the remainder when 54157 is divided by 51?
46
What is the remainder when 3380 is divided by 1354?
672
What is the remainder when 1020 is divided by 73?
71
What is the remainder when 10644 is divided by 5255?
134
Calculate the remainder when 4731 is divided by 33.
12
Calculate the remainder when 17424 is divided by 149.
140
What is the remainder when 4827 is divided by 370?
17
What is the remainder when 19587 is divided by 1455?
672
Calculate the remainder when 62808 is divided by 87.
81
Calculate the remainder when 183490 is divided by 749.
734
What is the remainder when 40928 is divided by 27?
23
What is the remainder when 245769 is divided by 6?
3
Calculate the remainder when 9398 is divided by 428.
410
Calculate the remainder when 22145 is divided by 2768.
1
Calculate the remainder when 29618 is divided by 20.
18
What is the remainder when 86 is divided by 29?
28
Calculate the remainder when 21626 is divided by 26.
20
What is the remainder when 45788 is divided by 15261?
5
Calculate the remainder when 5027 is divided by 1591.
254
Calculate the remainder when 663 is divided by 205.
48
What is the remainder when 3146 is divided by 504?
122
Calculate the remainder when 14455 is divided by 2888.
15
What is the remainder when 5835 is divided by 81?
3
What is the remainder when 30680 is divided by 61?
58
Calculate the remainder when 210593 is divided by 161.
5
Calculate the remainder when 61077 is divided by 205.
192
Calculate the remainder when 5199143 is divided by 75.
68
What is the remainder when 80195 is divided by 5012?
3
Calculate the remainder when 51684 is divided by 17226.
6
Calculate the remainder when 165 is divided by 156.
9
What is the remainder when 36523 is divided by 3029?
175
Calculate the remainder when 127789 is divided by 25543.
74
What is the remainder when 129142 is divided by 7592?
78
Calculate the remainder when 101 is divided by 87.
14
Calculate the remainder when 13578 is divided by 4506.
60
Calculate the remainder when 5376 is divided by 322.
224
What is the remainder when 536478 is divided by 228?
222
Calculate the remainder when 96052 is divided by 31.
14
What is the remainder when 96478 is divided by 26?
18
What is the remainder when 247 is divided by 92?
63
What is the remainder when 22831 is divided by 7587?
70
What is the remainder when 4194 is divided by 1608?
978
Calculate the remainder when 28420 is divided by 44.
40
Calculate the remainder when 142 is divided by 46.
4
Calculate the remainder when 15001 is divided by 1458.
421
Calculate the remainder when 923 is divided 